 by n.
26
Suppose 38433 - 11988 = 215*r. Let b(f) = f**2 - f + 3. What is the remainder when r is divided by b(3)?
6
Suppose l = 2*l - 626. Suppose -4*w + 3*c = 1, 47*w = 43*w + c + 29. Calculate the remainder when l is divided by w.
10
Let o(v) = 1525*v - 10588. What is the remainder when o(7) is divided by (-99)/6*12/(-9)?
21
Suppose 5*h = -20, 17*p - 6380 = 13*p - h. What is the remainder when p is divided by 50?
46
Suppose -14*n = -18*n + 5*x + 102, 10 = -5*x. What is the remainder when 58 is divided by n?
12
Let y = -6822 - -6878. What is the remainder when 724 is divided by y?
52
Let x(u) = 8 - 7*u - 11*u - 44 + 21*u. Let v be x(12). Suppose f = 0, v*f = 4*l - 2*f - 160. What is the remainder when 154 is divided by l?
34
Suppose 3*a + 3*j = 81, -2*a + 5*j = 543 - 541. Let l = -55 + 100. Calculate the remainder when l is divided by a.
7
Let y(o) = -219*o - 3640. Calculate the remainder when y(-29) is divided by 11.
5
Let l(c) = c**2 + 5*c - 7. Suppose 13*s = 14 + 25. Suppose -3*o - s*n + 4 = -5*o, 0 = -2*o - 2*n - 24. Calculate the remainder when 33 is divided by l(o).
16
Suppose -6*k + 10*k - 64 = -2*l, -4*k + 5*l + 36 = 0. Suppose 3*u = -2*u - 15, -4*p - u + 105 = 0. What is the remainder when p is divided by k?
13
Suppose 5*w - 4*r = -3*r - 1253, -3*w = 5*r + 763. Let c = w + 338. Let a = 8 + 14. What is the remainder when c is divided by a?
21
Suppose 0 = 2*x + 5*q - 253 + 178, 2*x = q + 81. Calculate the remainder when 309 is divided by x.
29
Suppose 31*z + 37 - 6 = 0. What is the remainder when 227 is divided by 34 + z*(-11 + 7)?
37
Suppose -132*t + 3040 = 20*t. What is the remainder when 159 is divided by t?
19
Let h = 5228 - 5020. What is the remainder when h is divided by 76?
56
Let h(g) = g**3 + g**2 - 3. Let y(x) be the first derivative of -7*x**4/4 - 14*x**3/3 - 16*x**2 + 3*x - 93. What is the remainder when y(-3) is divided by h(3)?
30
Let l = -14258 + 14829. What is the remainder when l is divided by 223?
125
What is the remainder when (1*2)/((1/(-2))/(122634/(-648))) is divided by 181?
33
Let a(k) = -k**2 + 2*k + 2. Suppose -2*d - 5 = -7*d - 5*h, -3*d - h + 7 = 0. Let y be a(d). Calculate the remainder when 105 is divided by (96/(-160))/(y/45).
24
Let y = 9102 - 7442. Calculate the remainder when y is divided by 64.
60
Let q(l) = -19*l + 41. Let f be q(-2). Suppose -f = -4*b - 3. Calculate the remainder when 148 is divided by b.
15
Let k be 288/64 - 3/2. Suppose -4*n - q = -239, 13*n = 12*n + k*q + 63. Calculate the remainder when 159 is divided by n.
39
Calculate the remainder when -3*4/(-42) - -13645*(-26)/(-455) is divided by 10.
0
Suppose -7080 = -206*d + 88*d. What is the remainder when 173 is divided by d?
53
Suppose 3*a = -4*o + 2 + 6, 0 = -2*a. Suppose -w - 7292 = -o*y - 3*w, -3*y + w = -10946. What is the remainder when 10 is divided by 2/13 - (y/(-78))/8?
4
Let l = 52 - -8. Suppose 0 = 3*w - 3, -s - 3*w = -6*w + 16. Let i(k) = k**3 + 13*k**2 - 2*k - 13. Calculate the remainder when l is divided by i(s).
8
Suppose 72*p + 2725 = 75*p + 5*m, 5*p + 3*m = 4531. Calculate the remainder when p is divided by 91.
86
Let p be -5 - 13*(-4 - 3/3). Let u be 142 - (0 + (-4)/2). Suppose 6*f = u + p. Calculate the remainder when 134 is divided by f.
32
Let u(h) be the second derivative of 0 + 5/6*h**3 + 11*h + 3/2*h**2. Calculate the remainder when 36 is divided by u(1).
4
Let y(u) = -u**3 + 5*u**2 - 5*u + 9. Let a(r) = 3*r - 16. Let d be a(7). Let q be y(d). What is the remainder when 26 is divided by 12/(-8)*q/6?
2
Let x = 924 + -856. Calculate the remainder when 7/(2 + 148/(-76)) is divided by x.
65
Suppose 442*u - 877*u - 555 = -438*u. What is the remainder when 556 is divided by u?
1
What is the remainder when (1461/(-9) - 4)/(8/(-48)) is divided by 247?
10
Suppose -4*d - 4*h - 44 = 0, -5*d - 2*h + 4*h - 34 = 0. Let q = d + 9. Suppose -49 + 45 = -4*p. Calculate the remainder when q is divided by p.
0
Let u(g) = -g**2 + 13*g - 23. Let i be u(16). Let b = -59 - i. Let y = b - -51. What is the remainder when y is divided by 16?
15
Let g(p) = -p**3 - 9*p**2 + 3*p + 5. Let f be g(-9). Let q = 20 + f. Let z(k) = -25*k + 1. What is the remainder when z(q) is divided by 18?
15
Let y = -133 + 136. Suppose -o - 948 + 102 = -5*l, 0 = -3*l - y*o + 504. What is the remainder when l is divided by 19?
17
Suppose 3*a - 204 = 3*f + 570, -5*a + 1262 = -f. Calculate the remainder when 781 is divided by a.
28
Let a(s) = 12*s**2 - 11*s + 237. Calculate the remainder when a(10) is divided by 4.
3
Let y(g) = -g**3 - g**2 + 7*g - 2. Let v be y(3). Let p = v + 26. What is the remainder when (2 + 0 - -23) + 1 is divided by p?
8
Let s = -515 + 725. Suppose 12*m - 9*m = -s. Let y = m - -74. Calculate the remainder when y is divided by 4.
0
Let r be (-6612)/108 + 4/18. Let z = r + 59. Calculate the remainder when 3 is divided by (-1)/((-2)/4*z*-1).
0
Suppose -1838 = -177*g + 994. Calculate the remainder when 97 is divided by g.
1
Suppose -7*w = -5*n - 533, -4*w - 3*n + 387 - 59 = 0. What is the remainder when 1499 is divided by w?
77
Let x = -131 - -364. Let z = x - 221. What is the remainder when 82 is divided by z?
10
Suppose 9*t - 585 = -387. Let k(j) = -21*j. Calculate the remainder when k(-2) is divided by t.
20
Suppose 0 = 86*i + 810*i + 16388 - 45956. Suppose -394 = 3*p - 5*p. What is the remainder when p is divided by i?
32
Suppose 12 = 7*a - 6*a. Suppose 116 = 4*q - 4*r, 5*r + 85 - a = 2*q. What is the remainder when 52 is divided by 642/q + (-2)/(-8)?
25
Suppose 0 = 2*j + 11*n - 10*n - 1703, j - 868 = 5*n. Calculate the remainder when j is divided by 172.
165
Let x = -5959 - -6603. What is the remainder when 1936 is divided by x?
4
Let c(i) = 4*i**2 - 15*i + 230. Calculate the remainder when c(14) is divided by 116.
108
Let d(h) = -h**3 - 2*h**2 - 1. Suppose -5*s = -6*s + 21. Let n = s + -24. What is the remainder when 29 is divided by d(n)?
5
Let t = -11214 - -11524. Calculate the remainder when t is divided by 41.
23
Suppose -17 + 107 = -3*i. Let l = 43 + i. Suppose -a + l + 1 = 0. What is the remainder when 66 is divided by a?
10
Let s = 13242 + -13180. What is the remainder when 548 is divided by s?
52
Suppose -y + 13988 = 3*j, 20 = y - 6*y. What is the remainder when j is divided by 13?
10
Let a = 2561 - 1276. Let c = -738 + a. Calculate the remainder when c is divided by 92.
87
Suppose h - 6*h - 100 = 0. Let z(t) = -8*t - 2. Let l be z(-1). Calculate the remainder when (212/l)/((h/(-6))/5) is divided by 14.
11
Let z(t) = -58*t - 106. Calculate the remainder when 844 is divided by z(-9).
12
Suppose 2*o - 101 = 5*n + 2781, 3*o - 3*n - 4332 = 0. What is the remainder when o is divided by 143?
16
Let t = 149 - -113. Let g = t - 227. What is the remainder when g is divided by 19?
16
Suppose 2*t = -n + 335, -2475 = -6552*n + 6545*n - t. Let y(s) = -8*s + 3. Calculate the remainder when n is divided by y(-6).
49
Suppose 2*y + 4*y = -4900 + 5128. What is the remainder when 243 is divided by y?
15
What is the remainder when 848 is divided by ((-636)/78)/((-34)/221)?
0
Suppose 4*v - 687 = 165. What is the remainder when v/((-4)/((-56)/21)) is divided by 6?
4
Suppose 5*y = 2*d + 1558, 0 = 4*y + 2*d - 540 - 692. Calculate the remainder when y is divided by 290.
20
Suppose -q = 5*x - 34 - 39, 0 = -4*q - 2*x + 202. What is the remainder when 238 is divided by q?
46
Let i = -84 - -86. Suppose -v - 2*j - i*j + 40 = 0, 15 = 2*v - 5*j. What is the remainder when 39 is divided by v?
19
Let o(d) = -8*d**2 + 268*d - 190. Calculate the remainder when o(27) is divided by 32.
30
Let v(n) = 164*n + 2023. What is the remainder when 4672 is divided by v(-12)?
52
Suppose 3*r + 8 + 5 = 4*z, -2*z - 7 = 3*r. Suppose -2*c = c + 4*f - 19, 2*c = -5*f + z. Let t = -43 - -107. Calculate the remainder when t is divided by c.
12
Let t(m) = m**3 + 21*m**2 - 42*m + 2. Let a be t(-22). Let x = -433 + a. Calculate the remainder when 69 is divided by x.
6
Suppose 84*d - 7*d = 38269. Calculate the remainder when d is divided by 97.
12
Suppose 7*i = -0*i + 133. Suppose -i*f + 3339 = 2*f. What is the remainder when f is divided by 81?
78
What is the remainder when 2806 is divided by (0 - -2)/(-2)*(-26 - 1)?
25
Suppose -291893 = -72*x - 76*x - 13*x. What is the remainder when x 